{"id":11,"date":"2025-03-01T16:13:37","date_gmt":"2025-03-01T15:13:37","guid":{"rendered":"https:\/\/prochoicebremen.noblogs.org\/?page_id=11"},"modified":"2025-11-29T09:55:22","modified_gmt":"2025-11-29T08:55:22","slug":"selbstverstaendnis","status":"publish","type":"page","link":"https:\/\/prochoicebremen.noblogs.org\/?page_id=11","title":{"rendered":"Selbstverst\u00e4ndnis"},"content":{"rendered":"<div id=\"magicdomid75\" class=\"ace-line\" aria-live=\"assertive\"><span class=\"author-a-z67zz84zz78zz90zlroz83zz69zz71z8erz88zl2\">Wir sind eine (queer-) feministische FLINTA*-Gruppe, die sich auf theoretischer und praktischer Ebene mit reproduktiver Gerechtigkeit besch\u00e4ftigt.<\/p>\n<p><\/span>Wir verstehen uns als linksradikal, trans*inklusiv und antikapitalistisch.<\/p>\n<p>Wir fordern Zugang zu reproduktiven Rechten f\u00fcr alle Menschen &#8211; unabh\u00e4ngig von ihrer sexuellen Orientierung, Religion, Herkunft, Behinderung, Identit\u00e4t, Beziehungsform, finanzieller M\u00f6glichkeiten, ihres Aussehens oder ihres Gesundheitszustandes.<\/p>\n<p>Wir wollen bestehende Verh\u00e4ltnisse verbessern und gleichzeitig f\u00fcr eine Gesellschaft jenseits der bestehenden (Macht-) Verh\u00e4ltnisse k\u00e4mpfen.<\/p>\n<\/div>\n","protected":false},"excerpt":{"rendered":"<p>Wir sind eine (queer-) feministische FLINTA*-Gruppe, die sich auf theoretischer und praktischer Ebene mit reproduktiver Gerechtigkeit besch\u00e4ftigt. Wir verstehen uns als linksradikal, trans*inklusiv und antikapitalistisch. Wir fordern Zugang zu reproduktiven Rechten f\u00fcr alle Menschen &#8211; unabh\u00e4ngig von ihrer sexuellen Orientierung, Religion, Herkunft, Behinderung, Identit\u00e4t, Beziehungsform, finanzieller M\u00f6glichkeiten, ihres Aussehens oder ihres Gesundheitszustandes. Wir wollen bestehende&hellip; <a class=\"more-link\" href=\"https:\/\/prochoicebremen.noblogs.org\/?page_id=11\"><span class=\"screen-reader-text\">Selbstverst\u00e4ndnis<\/span> weiterlesen<\/a><\/p>\n","protected":false},"author":20582,"featured_media":0,"parent":0,"menu_order":0,"comment_status":"closed","ping_status":"closed","template":"","meta":{"footnotes":""},"class_list":["post-11","page","type-page","status-publish","hentry","entry"],"_links":{"self":[{"href":"https:\/\/prochoicebremen.noblogs.org\/index.php?rest_route=\/wp\/v2\/pages\/11","targetHints":{"allow":["GET"]}}],"collection":[{"href":"https:\/\/prochoicebremen.noblogs.org\/index.php?rest_route=\/wp\/v2\/pages"}],"about":[{"href":"https:\/\/prochoicebremen.noblogs.org\/index.php?rest_route=\/wp\/v2\/types\/page"}],"author":[{"embeddable":true,"href":"https:\/\/prochoicebremen.noblogs.org\/index.php?rest_route=\/wp\/v2\/users\/20582"}],"replies":[{"embeddable":true,"href":"https:\/\/prochoicebremen.noblogs.org\/index.php?rest_route=%2Fwp%2Fv2%2Fcomments&post=11"}],"version-history":[{"count":6,"href":"https:\/\/prochoicebremen.noblogs.org\/index.php?rest_route=\/wp\/v2\/pages\/11\/revisions"}],"predecessor-version":[{"id":103,"href":"https:\/\/prochoicebremen.noblogs.org\/index.php?rest_route=\/wp\/v2\/pages\/11\/revisions\/103"}],"wp:attachment":[{"href":"https:\/\/prochoicebremen.noblogs.org\/index.php?rest_route=%2Fwp%2Fv2%2Fmedia&parent=11"}],"curies":[{"name":"wp","href":"https:\/\/api.w.org\/{rel}","templated":true}]}}